highest common factor of 501872813 and 3484.
871
Calculate the greatest common factor of 511 and 341327.
7
What is the greatest common divisor of 120050 and 56450?
50
Calculate the greatest common divisor of 17368 and 202.
2
Calculate the greatest common divisor of 54 and 78882.
6
What is the greatest common divisor of 143195968 and 16704?
1856
What is the greatest common factor of 5908825 and 2925?
325
Calculate the highest common factor of 5049 and 219249.
153
What is the greatest common factor of 21856 and 50048?
32
What is the highest common divisor of 77017036 and 536?
268
What is the greatest common divisor of 2380 and 879200?
140
What is the highest common factor of 220168 and 5684?
116
Calculate the highest common factor of 668875305 and 84.
21
What is the greatest common factor of 44441628 and 37884?
924
Calculate the greatest common factor of 1769 and 9894810.
61
What is the greatest common divisor of 40355805 and 280?
35
Calculate the greatest common divisor of 200 and 272601600.
200
Calculate the greatest common factor of 4058 and 848.
2
Calculate the highest common factor of 124080 and 1931700.
2820
What is the highest common divisor of 957996 and 10329852?
3588
Calculate the greatest common divisor of 586160 and 101320.
680
What is the greatest common factor of 2732 and 63891918?
1366
Calculate the highest common divisor of 24567759 and 243.
27
Calculate the greatest common factor of 16120868 and 284084.
3596
What is the greatest common factor of 91104 and 38030304?
1248
Calculate the greatest common factor of 720 and 23907120.
240
What is the greatest common factor of 1134 and 2518971?
21
What is the highest common divisor of 1043826 and 14616?
1218
What is the highest common factor of 455 and 764785?
35
What is the greatest common divisor of 1033818 and 6201?
159
What is the greatest common divisor of 250 and 368185750?
250
Calculate the greatest common divisor of 1290 and 535786665.
645
What is the highest common factor of 123794 and 7333579?
187
Calculate the greatest common divisor of 600 and 6752040.
120
Calculate the highest common divisor of 1204187 and 799.
47
Calculate the highest common divisor of 13042099 and 42.
7
What is the greatest common factor of 493 and 12529289?
17
What is the greatest common factor of 3 and 1734367?
1
What is the greatest common factor of 2513 and 32324719?
2513
What is the greatest common factor of 1332 and 1573596?
36
What is the highest common divisor of 5088 and 439275024?
2544
What is the greatest common divisor of 167466 and 4643509?
1469
What is the highest common factor of 92 and 251672?
4
What is the greatest common factor of 948510 and 40?
10
What is the highest common factor of 26880 and 4364220?
420
Calculate the highest common divisor of 219738 and 137058.
318
What is the highest common factor of 65222840 and 9400?
1880
Calculate the highest common divisor of 1012242 and 1328998.
6886
Calculate the greatest common divisor of 219432 and 2706.
246
What is the highest common factor of 110 and 27886331?
11
Calculate the greatest common divisor of 833900 and 4400.
100
Calculate the greatest common factor of 3859374 and 626118.
1446
What is the greatest common factor of 39242 and 247802018?
5606
What is the highest common divisor of 25265493 and 4385?
877
Calculate the greatest common factor of 912 and 42771792.
48
What is the greatest common factor of 762864 and 165232?
368
What is the highest common divisor of 8399635 and 537767?
4759
Calculate the highest common divisor of 3753293 and 294004.
2371
Calculate the highest common factor of 6482153 and 4249.
607
What is the highest common divisor of 128575 and 228655?
695
What is the highest common factor of 106368 and 86204616?
6648
Calculate the greatest common divisor of 13512 and 501096.
24
Calculate the greatest common factor of 1552 and 3351576.
8
What is the greatest common factor of 105226646 and 938?
14
Calculate the highest common factor of 989555 and 980.
245
What is the greatest common divisor of 29120 and 1458730?
910
Calculate the greatest common factor of 62891831 and 4714.
2357
Calculate the highest common factor of 100031458 and 212.
106
What is the highest common divisor of 5014425 and 7950?
75
What is the highest common divisor of 3705 and 72780279?
741
What is the greatest common divisor of 16795 and 10140821?
3359
Calculate the greatest common divisor of 47677916 and 546.
26
Calculate the greatest common divisor of 1928376 and 7992.
72
What is the highest common factor of 986350 and 13120?
10
What is the greatest common divisor of 13882 and 186791?
11
Calculate the greatest common divisor of 3499515 and 1140.
285
Calculate the highest common divisor of 888295 and 4534395.
505
Calculate the highest common factor of 115786 and 13376.
418
What is the highest common divisor of 116553843 and 23688?
2961
What is the highest common divisor of 4255530 and 90?
30
What is the highest common divisor of 24985 and 26315?
95
What is the greatest common factor of 390 and 59039370?
390
Calculate the greatest common divisor of 48382125 and 37125.
4125
Calculate the highest common factor of 23284705 and 76270.
1315
What is the highest common factor of 380 and 7868470?
190
What is the greatest common divisor of 238285 and 191?
1
What is the greatest common divisor of 63129240 and 2160?
1080
What is the highest common factor of 73903524 and 582?
582
What is the greatest common factor of 352 and 4220912?
16
Calculate the greatest common factor of 861 and 287910.
21
What is the greatest common divisor of 7923 and 44384?
19
What is the greatest common factor of 375 and 46279455?
15
What is the highest common divisor of 74874666 and 2256?
282
What is the greatest common factor of 150 and 49597362?
6
Calculate the greatest common factor of 6948105 and 2220.
15
Calculate the greatest common divisor of 971640 and 1764.
36
What is the greatest common divisor of 890 and 16647450?
890
Calculate the greatest common divisor of 273275 and 50.
25
What is the greatest common divisor of 3911 and 206442135?
3911
Calculate the greatest common divisor of 74456910 and 1221.
33
Calculate the highest common divisor of 6350 and 1203623450.
6350
Calculate the highest common factor of 21670497 and 486.
243
What is the greatest common factor of 949350 and 1086?
6
Calculate the greatest common divisor of 206678 and 197708.
46
Calculate the highest common divisor of 29194 and 59769407.
1327
Calculate the greatest common factor of 15 and 258961575.
15
Calculate the greatest common factor of 131876658 and 296.
74
Calculate the greatest common factor of 359525 and 42425.
25
Calculate the greatest common factor of 588638085 and 8295.
8295
What is the highest common divisor of 32578704 and 576?
144
What is the highest common divisor of 111664999 and 2?
1
What is the greatest common factor of 15732441 and 243?
27
What is the greatest common divisor of 8273 and 1061?
1
Calculate the highest common factor of 30084 and 8356812.
1308
Calculate the greatest common divisor of 264826300 and 100.
100
Calculate the greatest common divisor of 1432 and 342813640.
1432
What is the highest common divisor of 93582 and 1578763?
1733
What is the greatest common factor of 544812 and 641631?
1641
Calculate the highest common divisor of 598 and 7275567.
299
Calculate the greatest common factor of 24 and 549532.
4
Calculate the greatest common factor of 228 and 53309148.
12
Calculate the highest common divisor of 2322 and 1574058.
258
Calculate the highest common divisor of 102 and 12412329.
51
What is the highest common divisor of 62480707 and 1843?
97
Calculate the highest common factor of 1291459 and 3185.
13
Calculate the greatest common factor of 2995 and 22835.
5
Calculate the greatest common divisor of 25544 and 308794.
206
What is the greatest common factor of 8517 and 3346179?
501
What is the highest common factor of 281905630 and 3623?
3623
Calculate the highest common divisor of 231014 and 13804.
406
Calculate the greatest common divisor of 103236 and 3353941.
1229
Calculate the highest common factor of 190430 and 730.
10
Calculate the greatest common factor of 28476684 and 972.
972
Calculate the highest common factor of 46964 and 508644.
796
What is the greatest common div